{"id":31,"date":"2020-05-07T09:59:51","date_gmt":"2020-05-07T07:59:51","guid":{"rendered":"https:\/\/new.pension-anna.cz\/?page_id=31"},"modified":"2022-03-23T18:39:28","modified_gmt":"2022-03-23T17:39:28","slug":"herzlich-wilkommen","status":"publish","type":"page","link":"https:\/\/new.pension-anna.cz\/index.php\/de\/herzlich-wilkommen\/","title":{"rendered":"Herzlich wilkommen!"},"content":{"rendered":"\n<p class=\"has-black-color has-text-color has-medium-font-size\"><strong>Pension ANNA<\/strong><\/p>\n\n\n\n<p>Die moderne Pension Anna wurde im Jahr 2001 er\u00f6ffnet. Sie befindet sich direkt im Herzen des Nationalparks Riesengebirge im bekannten Ferienort \u0160pindler\u016fv Ml\u00fdn, nur 300 m vom Ortszentrum entfernt.<br><br>Die Pension liegt in der unmittelbaren N\u00e4he des Skigebiets Medv\u011bd\u00edn und nicht weit entfernt vom Skigebiet Svat\u00fd Petr, welche beste Bedingungen f\u00fcr Alpinskifahrer bieten. Auch f\u00fcr begeisterte Langl\u00e4ufer stehen gepflegte Loipen im nahen Areal Horn\u00ed M\u00edse\u010dky zur Verf\u00fcgung.Neben zahlreichen Unterhaltungsm\u00f6glichkeiten im Ort, k\u00f6nnen das ganze Jahr \u00fcber auch Einrichtungen der benachbarten H\u00e4user mitbenutzt werden, wie zum Beispiel Hallenbad, Sauna, Tenniscourts und Bobbahn.<\/p>\n\n\n\n<div class=\"wp-block-image\"><figure class=\"aligncenter size-large is-resized\"><img loading=\"lazy\" src=\"https:\/\/new.pension-anna.cz\/wp-content\/uploads\/2020\/06\/anna_snow.jpeg\" alt=\"\" class=\"wp-image-199\" width=\"639\" height=\"426\" srcset=\"https:\/\/new.pension-anna.cz\/wp-content\/uploads\/2020\/06\/anna_snow.jpeg 800w, https:\/\/new.pension-anna.cz\/wp-content\/uploads\/2020\/06\/anna_snow-300x200.jpeg 300w, https:\/\/new.pension-anna.cz\/wp-content\/uploads\/2020\/06\/anna_snow-768x512.jpeg 768w\" sizes=\"(max-width: 639px) 100vw, 639px\" \/><figcaption><em>Pension Anna \u2013 \u0160pindler\u016fv Ml\u00fdn&nbsp;\u2013 Winter<\/em><\/figcaption><\/figure><\/div>\n\n\n\n<p><\/p>\n\n\n\n<div class=\"wp-block-image is-style-default\"><figure class=\"aligncenter size-large is-resized\"><img loading=\"lazy\" src=\"https:\/\/new.pension-anna.cz\/wp-content\/uploads\/2020\/06\/anna_zadek.jpg\" alt=\"\" class=\"wp-image-197\" width=\"634\" height=\"422\" srcset=\"https:\/\/new.pension-anna.cz\/wp-content\/uploads\/2020\/06\/anna_zadek.jpg 800w, https:\/\/new.pension-anna.cz\/wp-content\/uploads\/2020\/06\/anna_zadek-300x200.jpg 300w, https:\/\/new.pension-anna.cz\/wp-content\/uploads\/2020\/06\/anna_zadek-768x512.jpg 768w\" sizes=\"(max-width: 634px) 100vw, 634px\" \/><figcaption><em>Pension Anna \u2013 \u0160pindler\u016fv Ml\u00fdn&nbsp;\u2013 Sommer<\/em><\/figcaption><\/figure><\/div>\n\n\n\n<p><\/p>\n\n\n<h3>&nbsp;<\/h3>\n\n\n<p><\/p>\n","protected":false},"excerpt":{"rendered":"<p>Pension ANNA Die moderne Pension Anna wurde im Jahr 2001 er\u00f6ffnet. Sie befindet sich direkt im Herzen des Nationalparks Riesengebirge im bekannten Ferienort \u0160pindler\u016fv Ml\u00fdn, nur 300 m vom Ortszentrum entfernt. Die Pension liegt in der unmittelbaren N\u00e4he des Skigebiets Medv\u011bd\u00edn und nicht weit entfernt vom Skigebiet Svat\u00fd Petr, welche beste Bedingungen f\u00fcr Alpinskifahrer bieten. &hellip; <\/p>\n<p class=\"link-more\"><a href=\"https:\/\/new.pension-anna.cz\/index.php\/de\/herzlich-wilkommen\/\" class=\"more-link\">Pokra\u010dovat ve \u010dten\u00ed<span class=\"screen-reader-text\"> &#8222;Herzlich wilkommen!&#8220;<\/span><\/a><\/p>\n","protected":false},"author":1,"featured_media":0,"parent":0,"menu_order":0,"comment_status":"closed","ping_status":"closed","template":"","meta":[],"_links":{"self":[{"href":"https:\/\/new.pension-anna.cz\/index.php\/wp-json\/wp\/v2\/pages\/31"}],"collection":[{"href":"https:\/\/new.pension-anna.cz\/index.php\/wp-json\/wp\/v2\/pages"}],"about":[{"href":"https:\/\/new.pension-anna.cz\/index.php\/wp-json\/wp\/v2\/types\/page"}],"author":[{"embeddable":true,"href":"https:\/\/new.pension-anna.cz\/index.php\/wp-json\/wp\/v2\/users\/1"}],"replies":[{"embeddable":true,"href":"https:\/\/new.pension-anna.cz\/index.php\/wp-json\/wp\/v2\/comments?post=31"}],"version-history":[{"count":12,"href":"https:\/\/new.pension-anna.cz\/index.php\/wp-json\/wp\/v2\/pages\/31\/revisions"}],"predecessor-version":[{"id":464,"href":"https:\/\/new.pension-anna.cz\/index.php\/wp-json\/wp\/v2\/pages\/31\/revisions\/464"}],"wp:attachment":[{"href":"https:\/\/new.pension-anna.cz\/index.php\/wp-json\/wp\/v2\/media?parent=31"}],"curies":[{"name":"wp","href":"https:\/\/api.w.org\/{rel}","templated":true}]}}