{"id":91,"date":"2020-05-14T09:11:21","date_gmt":"2020-05-14T07:11:21","guid":{"rendered":"https:\/\/new.pension-anna.cz\/?page_id=91"},"modified":"2021-12-11T17:23:28","modified_gmt":"2021-12-11T16:23:28","slug":"kontakt","status":"publish","type":"page","link":"https:\/\/new.pension-anna.cz\/index.php\/kontakt\/","title":{"rendered":"Kontakt"},"content":{"rendered":"\n<figure class=\"wp-block-table is-style-stripes\"><table><tbody><tr><td><br>Adresa:<\/td><td>Pension ANNA &#8211; \u0160pindler\u016fv Ml\u00fdn 171<\/td><\/tr><tr><td>PS\u010c:<\/td><td>543 51<\/td><\/tr><tr><td>E-Mail:<\/td><td><a href=\"mailto:mail@pension-anna.cz\">mail@pension-anna.cz<\/a><\/td><\/tr><tr><td>Telefon:<\/td><td>+420603449881<\/td><\/tr><tr><td><\/td><td><\/td><\/tr><tr><td><\/td><td><\/td><\/tr><tr><td>GPS:<\/td><td>50\u00b043&#8217;49.099&#8243;N, 15\u00b036&#8217;36.334&#8243;E<\/td><\/tr><\/tbody><\/table><\/figure>\n\n\n\n<div class=\"wp-block-group\"><div class=\"wp-block-group__inner-container\">\n<figure class=\"wp-block-embed-facebook wp-block-embed\"><div class=\"wp-block-embed__wrapper\">\nhttps:\/\/www.facebook.com\/pensionannaspindleruvmlyn\n<\/div><\/figure>\n<\/div><\/div>\n\n\n\n<p><\/p>\n\n\n\n<figure><iframe src=\"https:\/\/www.google.com\/maps\/embed?pb=!1m14!1m8!1m3!1d10101.765996489961!2d15.6101142!3d50.7302998!3m2!1i1024!2i768!4f13.1!3m3!1m2!1s0x0%3A0xf11ee9898b3a1858!2sAnna!5e0!3m2!1sen!2scz!4v1592227454468!5m2!1sen!2scz\" allowfullscreen=\"\" width=\"600\" height=\"450\"><\/iframe><\/figure>\n","protected":false},"excerpt":{"rendered":"<p>Adresa: Pension ANNA &#8211; \u0160pindler\u016fv Ml\u00fdn 171 PS\u010c: 543 51 E-Mail: mail@pension-anna.cz Telefon: +420603449881 GPS: 50\u00b043&#8217;49.099&#8243;N, 15\u00b036&#8217;36.334&#8243;E<\/p>\n","protected":false},"author":1,"featured_media":0,"parent":0,"menu_order":0,"comment_status":"closed","ping_status":"closed","template":"","meta":[],"_links":{"self":[{"href":"https:\/\/new.pension-anna.cz\/index.php\/wp-json\/wp\/v2\/pages\/91"}],"collection":[{"href":"https:\/\/new.pension-anna.cz\/index.php\/wp-json\/wp\/v2\/pages"}],"about":[{"href":"https:\/\/new.pension-anna.cz\/index.php\/wp-json\/wp\/v2\/types\/page"}],"author":[{"embeddable":true,"href":"https:\/\/new.pension-anna.cz\/index.php\/wp-json\/wp\/v2\/users\/1"}],"replies":[{"embeddable":true,"href":"https:\/\/new.pension-anna.cz\/index.php\/wp-json\/wp\/v2\/comments?post=91"}],"version-history":[{"count":7,"href":"https:\/\/new.pension-anna.cz\/index.php\/wp-json\/wp\/v2\/pages\/91\/revisions"}],"predecessor-version":[{"id":408,"href":"https:\/\/new.pension-anna.cz\/index.php\/wp-json\/wp\/v2\/pages\/91\/revisions\/408"}],"wp:attachment":[{"href":"https:\/\/new.pension-anna.cz\/index.php\/wp-json\/wp\/v2\/media?parent=91"}],"curies":[{"name":"wp","href":"https:\/\/api.w.org\/{rel}","templated":true}]}}